z(l) = -113*l - 4275. What is z(-43)?
584
Let p(a) = 2*a**2 - 6339*a - 50832. What is p(-8)?
8
Let k(x) = 110654*x + 442607. What is k(-4)?
-9
Let z(c) = -c**3 + 100*c**2 - 2262*c - 473. Calculate z(35).
-18
Let i(r) = r**2 - 3134*r + 15620. Determine i(5).
-25
Let u(h) = -h**2 - 22242*h + 6. What is u(0)?
6
Let j(r) = 2*r**3 + 16*r**2 + 123*r - 748. Give j(5).
517
Let v(m) = 2*m**2 - 284*m + 6192. What is v(115)?
-18
Let b(v) = 5*v**2 + 50*v + 124. Calculate b(7).
719
Let m(f) = f**3 - 24*f**2 + 102*f - 934. Determine m(21).
-115
Let c(b) = -28*b**3 - 534*b**2 - 1856*b - 2189. Determine c(-15).
1
Let q(c) = -c**2 - 842*c - 83603. Determine q(-115).
2
Let z(g) = 2*g**2 - 7742*g - 147696. Calculate z(-19).
124
Let j(w) = 2475*w + 462821. Give j(-187).
-4
Let c(s) = 215*s + 2068. Calculate c(-12).
-512
Let t(p) = -2*p**3 + 421*p**2 + 12704*p + 10561. What is t(-26)?
5
Let l(s) = 12*s**2 - 6617*s - 39747. What is l(-6)?
387
Let h(o) = -7*o**2 - 566*o - 1001. What is h(-62)?
7183
Let l(b) = -3*b**3 - 28*b**2 - 242*b - 2606. Calculate l(-10).
14
Let r(d) = d**2 - 122*d + 2099. Give r(100).
-101
Let t(a) = -3*a**2 - 2054*a - 14227. What is t(-7)?
4
Let n(d) = -31711*d - 348622. What is n(-11)?
199
Let h(m) = 5119*m + 6746822. Calculate h(-1318).
-20
Let h(g) = -1425700*g + 5702804. Determine h(4).
4
Let p(l) = -433*l + 11272. Determine p(26).
14
Let c(y) = -2*y**2 - 356*y - 13983. Calculate c(-59).
59
Let p(v) = -5679*v - 34471. Give p(-6).
-397
Let l(y) = -54*y**2 + 17008*y + 679. Give l(315).
49
Let y(h) = -3*h**2 + 355903*h - 355902. Determine y(1).
-2
Let a(m) = -5*m**2 - 204*m - 1539. What is a(-31)?
-20
Let i(s) = 11*s**3 - 6393*s**2 + 1160*s + 1162. What is i(581)?
0
Let z(r) = -6*r**2 - 1572*r + 8027. Calculate z(-267).
17
Let n(v) = -145*v**2 + 4431*v - 27310. Give n(22).
-8
Let j(t) = t**2 + 506*t - 28635. Calculate j(52).
381
Let l(f) = -159*f**2 + 2848*f - 12769. Give l(9).
-16
Let j(r) = -11*r**3 + 4*r**2 + 33*r + 27. Calculate j(-1).
9
Let t(p) = -p**3 - 122*p**2 - 435*p - 9146. What is t(-119)?
136
Let x(z) = 55476*z + 20692543. What is x(-373)?
-5
Let m(p) = -708*p + 19555. Determine m(28).
-269
Let v(l) = 99*l**2 + 93445*l - 10364. Determine v(-944).
20
Let h(d) = -d**3 - 148*d**2 + 1937*d + 287065. Determine h(-148).
389
Let x(h) = 217*h**2 - 143216*h - 2470. What is x(660)?
170
Let f(g) = -80*g**2 - 31845*g + 159183. Determine f(-403).
-2
Let m(y) = 69372*y + 693723. Give m(-10).
3
Let r(p) = 4*p**3 + 5*p**2 - 148*p + 753. What is r(5)?
638
Let f(b) = -26*b**3 - 7568*b**2 - 584*b - 578. What is f(-291)?
4
Let d(q) = -30245*q + 302423. Give d(10).
-27
Let d(i) = 38*i**2 - 3631*i + 1981. Give d(95).
-14
Let a(l) = -2*l**2 - 1681*l + 119674. Determine a(66).
16
Let s(y) = -2*y**3 - 23*y**2 + 317*y + 3569. Determine s(-11).
-39
Let n(j) = -15*j**2 + 716*j + 373. Calculate n(48).
181
Let z(l) = 63*l**3 - 19*l**2 + 88*l + 10. Give z(0).
10
Let j(f) = f**2 - 509*f + 32097. Calculate j(77).
-1167
Let b(j) = j**3 + 65*j**2 + 1137*j + 16. What is b(-37)?
-3721
Let g(u) = -13*u**2 - 72*u + 52. Give g(5).
-633
Let i(j) = -5293*j + 164128. What is i(31)?
45
Let o(y) = 738*y**2 + 59039*y + 41. Calculate o(-80).
121
Let r(b) = 43234*b + 129703. Calculate r(-3).
1
Let j(b) = 138*b - 39137. Determine j(280).
-497
Let s(o) = o**2 + 2685*o + 29540. Calculate s(-11).
126
Let y(m) = -223360*m + 223383. Determine y(1).
23
Let y(j) = 13343*j - 160121. Calculate y(12).
-5
Let u(x) = -x**2 - 481731*x + 1926947. Give u(4).
7
Let t(k) = -20234*k + 101433. Determine t(5).
263
Let o(l) = -4429*l + 172799. Determine o(39).
68
Let t(p) = 3980*p + 17925. Determine t(-4).
2005
Let h(z) = -62332*z + 124653. Determine h(2).
-11
Let j(l) = -11*l**3 - 170*l**2 - 122*l + 55. Give j(-15).
760
Let b(x) = x**2 - 332*x + 21716. Calculate b(90).
-64
Let q(m) = -m**3 - 58*m**2 + 4697*m + 271004. Give q(-57).
26
Let m(k) = 5421*k - 40600. What is m(8)?
2768
Let j(p) = 3*p**3 - 583*p**2 - 355*p - 6827. Calculate j(195).
-2
Let g(y) = -12*y**2 - 260*y - 674. What is g(-3)?
-2
Let v(c) = 429999*c**2 - 6449984*c - 17. What is v(15)?
-2
Let q(v) = -4269*v - 110990. Calculate q(-26).
4
Let k(y) = -7*y**3 - 56*y**2 + 47*y + 80. What is k(-10)?
1010
Let x(q) = -4*q**2 + 52*q + 8. Calculate x(-4).
-264
Let a(r) = -2*r**3 + 38*r**2 - 222*r + 4931. Give a(20).
-309
Let r(x) = 3*x**2 - 47409*x - 806834. Calculate r(-17).
-14
Let r(h) = -h**2 - 511*h - 52964. Calculate r(-145).
106
Let a(v) = 2*v**2 - 3915*v - 23531. Determine a(-6).
31
Let s(q) = 5*q**2 + 37796*q + 226617. Give s(-6).
21
Let v(u) = -148*u - 16247. What is v(-120)?
1513
Let r(a) = 19*a**2 - 977*a + 3996. What is r(47)?
48
Let l(i) = -2*i**3 + 1134*i**2 - 6539*i - 1162. Calculate l(6).
-4
Let k(r) = 17*r**2 + 14372*r + 389096. Determine k(-28).
8
Let n(a) = 238*a**2 - 2103*a + 2104. What is n(1)?
239
Let p(a) = -3*a**3 - 24*a**2 + 9*a + 294. Give p(-7).
84
Let m(b) = -87*b - 6820. Determine m(-48).
-2644
Let q(j) = 117*j**3 + 7*j**2 - 2*j - 6. Determine q(-3).
-3096
Let f(r) = -228*r - 8964. Give f(-40).
156
Let x(h) = 18*h**3 + h**2 - 13*h + 6. Give x(1).
12
Let n(r) = -71*r**2 - 1068*r - 62. Give n(-15).
-17
Let j(s) = 2*s**2 - 636*s + 6188. What is j(10)?
28
Let y(b) = 6*b**2 - 127292*b + 127291. Determine y(1).
5
Let k(b) = -252*b**3 - 4*b**2 - 16*b - 13. Give k(-1).
251
Let q(g) = 3*g**2 + 8370*g + 67007. Determine q(-8).
239
Let j(y) = 69*y**2 + 13752*y + 4169. Determine j(-199).
-10
Let q(n) = -2403*n - 254722. Calculate q(-106).
-4
Let d(l) = -9*l**2 + 1126*l - 33366. Calculate d(48).
-54
Let h(y) = 7*y**2 - 363*y + 4649. Give h(23).
3
Let h(o) = -938*o + 120178. Give h(126).
1990
Let w(d) = -14*d**3 - 124*d**2 + 317*d + 2683. Give w(-9).
-8
Let k(h) = -h**3 - 96*h**2 - 149*h - 14319. Give k(-96).
-15
Let s(t) = 10*t**3 - 359*t**2 - 25*t - 426. Determine s(36).
-30
Let f(h) = -h**3 - 10*h**2 + 41*h + 160. Determine f(-11).
-170
Let m(i) = 19*i**2 - 352*i - 732. Give m(-2).
48
Let n(y) = 37615*y - 300924. Calculate n(8).
-4
Let k(p) = -948*p**2 + 24647*p + 52. Calculate k(26).
26
Let v(j) = -56756*j - 113501. Calculate v(-2).
11
Let o(w) = -w**2 - 5101*w - 66117. Calculate o(-13).
27
Let p(c) = -20*c**2 - 18221*c + 110101. What is p(6)?
55
Let m(a) = -a**2 + 560*a - 75689. What is m(332)?
7
Let v(t) = -t**3 - 291*t**2 - 3357*t - 2554. What is v(-279)?
-43
Let k(w) = w**2 - 18227*w - 2220083. Determine k(-121).
25
Let r(w) = 12*w**2 - 99*w - 84. What is r(8)?
-108
Let m(d) = -263*d - 219. Determine m(-14).
3463
Let k(t) = t**3 - 2*t**2 + 41*t - 409. Determine k(0).
-409
Let c(f) = 196*f**2 + 90*f - 252. Give c(3).
1782
Let j(r) = -2457*r + 7264. Calculate j(3).
-107
Let r(w) = -24572*w - 98262. What is r(-4)?
26
Let k(n) = -70427*n + 211003. Give k(3).
-278
Let s(k) = -3995*k - 359550. What is s(-90)?
0
Let m(u) = 2*u**2 + 311*u + 2019. Calculate m(-147).
-480
Let c(d) = 37*d - 818. Determine c(23).
33
Let j(u) = -u**3 - 20*u**2 - 57*u - 620. What is j(-8)?
-932
Let s(w) = -108*w - 17061. What is s(-158)?
3
Let p(w) = 2*w**3 - 257*w**2 - 486*w + 12466. What is p(130)?
-14
Let h(k) = -501*k + 28499. What is h(55)?
944
Let n(w) = 2*w**3 + 21*w**2 - 19*w - 224. Give n(-6).
214
Let i(x) = 19*x**3 + 12244*x - 24497. Calculate i(2).
143
Let s(b) = -314*b - 30256. Calculate s(-96).
-112
Let u(m) = 106474*m + 532349. Calculate u(-5).
-21
Let u(f) = -f**3 - 56*f**2 + 1422*f - 254. Determine u(-75).
-29
Let y(s) = 1301*s + 57166. Calculate y(-44).
-78
Let r(g) = -8*g**2 - 859*g - 1235. Give r(-105).
760
Let w(a) = 47715*a - 95432. Give w(2).
-2
Let a(z) = -4521*z - 235121. Calculate a(-52).
-29
Let l(r) = 367*r + 15016. Determine l(-40).
336
Let d(u) = 183364*u + 916805. What is d(-5)?
-15
Let o(x) = -x**3 + 19*x**2 + 108*x + 308. What is o(25)?
-742
Let j(l) = 8269*l - 16474. What is j(2)?
64
Let h(p) = -28981*p + 86828. Give h(3).
-115
Let d(p) = -4*p**2 + 2553*p - 137299. Calculate d(579).
-76
Let m(b) = -160*b**2 - 1321*b + 1082. What is m(-9)?
11
Let h(p) = 88593*p + 974523. Determine h(-11).
0
Let c(g) = -364329*g + 3278931. Calculate c(9).
-30
Let x(s) = 2*s**2 - 269989*s + 12415262. What is x(46)?
0
Let t(o) = -o**3 - 8*o**2 - 133*o - 726. Determine t(-6).
0
Let j(t) = -14025*t + 25909. Give j(2).
-2141
Let q(c) 